 Let u = d + 5. What is the tens digit of 6/(u - -1) - -29?
2
Let o = 6 + -4. Let q = 775 + -765. What is the units digit of (q/(-5))/(o/(-38))?
8
Let f = 21 - 13. Suppose 0 = 4*a + 2*g + 22, -a - f = -2*a - 5*g. What is the tens digit of -1 + a/(7/(-30))?
2
Let v(n) = 1. Let g(w) = -5*w - 86. Let k(h) = g(h) - v(h). What is the tens digit of k(-24)?
3
Let f be 15/25 + 122/5. Let j = -13 + f. Suppose 0 = -a + j + 28. What is the units digit of a?
0
Suppose 2*b = -3*b. What is the units digit of (-1 - 12/(-3)) + 31 - b?
4
Let j be ((-208)/6)/(10/(-45)). Suppose 0 = 6*l - j + 12. What is the units digit of l?
4
Let h be 918/(-12) - 9/(-6). Let g = h + 160. Suppose 4*m - 17 = -f, -m = -2*f - 3*f + g. What is the tens digit of f?
1
Suppose 7*w - 2442 = 3*w + 2*r, -3*w - 3*r + 1818 = 0. What is the units digit of w?
9
Suppose 2*a + 127 = s, 5*a - 44 + 362 = 3*s. What is the units digit of 177*-2*21/a?
8
Suppose 2*z - 6 = -3*i + 10, -2*i + 10 = z. Let m = i + 2. Suppose -m = -3*v, -2*l + 36 = v + 4*v. What is the tens digit of l?
1
Suppose 7 = -3*t + 16. Suppose -w + 16 = 4*c, c = t*w + 9 + 8. Let l(y) = y**3 + 6*y**2 + 4*y + 2. What is the tens digit of l(w)?
1
Let h(t) = t**3 - 11*t**2 - 64*t + 33. What is the hundreds digit of h(18)?
1
Let m be 2/1 + 14 + -8. What is the tens digit of 74/m*(-8)/(-6)*3?
3
Let q = 154 + -82. Suppose q = -12*j + 20*j. What is the units digit of j?
9
Suppose 5*w - 7 = -2. Let g be w/((-12)/(-20))*3. What is the tens digit of ((-42)/g)/(3/(-15))?
4
Suppose -5 - 6 = -g. Let i = 14 - g. Suppose x - i*h - 38 = 0, -5*x + 249 = h + 27. What is the units digit of x?
4
What is the hundreds digit of 91/70*-16*-5?
1
Let t be 0 - 3 - (3 + 31). Let w = t + 53. What is the tens digit of w?
1
Let z = -2601 - -3780. What is the units digit of z?
9
Let m(y) = -y**2 + 7*y + 16. Let b be m(6). Suppose n + 7 - b = 0. Suppose -10*f + n*f = 190. What is the tens digit of f?
3
Let k = 1288 - 916. What is the tens digit of k?
7
Let j = 101 + 40. What is the units digit of j?
1
Let o(v) = -v**3 + 31*v**2 - 69*v + 97. Let a be o(29). Suppose -4*i + 4 = -5*i. What is the tens digit of 2/(-4) + a/i?
5
Suppose -3*s + 664 = -0*n - 2*n, 3*n + 1105 = 5*s. What is the units digit of s?
8
Suppose 0 = -5*d + 2*d + 249. Let f = d - 33. What is the tens digit of f?
5
Let o = 34 + -32. Let n(f) = 28*f - 11. What is the tens digit of n(o)?
4
Let o(z) = 40*z**3 + z. Let v be o(-1). Let f = v + 243. What is the tens digit of f?
0
Let f(x) = -x**3 - 7*x**2 - 10*x - 39. What is the thousands digit of f(-14)?
1
Let x(i) = -2*i**3 - 17*i**2 - 97*i + 9. What is the thousands digit of x(-11)?
1
Suppose 0 = -0*b - 3*b + 18. What is the tens digit of 9/b - 543/(-6)?
9
Suppose -16*q + 2*q + 2380 = 0. What is the units digit of q?
0
Let i be (-1)/(51/(-44) - (-5)/4). Let r(d) be the first derivative of -3*d**2/2 + 8*d + 1. What is the tens digit of r(i)?
4
What is the hundreds digit of (-4 - 63/(-27))/(1/(-60))?
1
Suppose -3*u - 5*c + c = 69, 0 = u + 3*c + 28. Let m(r) = r**2 + 12*r + 11. What is the units digit of m(u)?
4
Let h(v) = v + 8. Let y be h(-7). Let f be y/1 - (-1 - 0). Suppose -q = 3*l + 2*l - 259, f*q - 8 = 0. What is the units digit of l?
1
Suppose -u + 0*u + 5 = 0. Suppose 3*i + 115 = -2*i + 2*h, h - u = 0. Let g = i + 32. What is the units digit of g?
1
Suppose 0 = y - 3*s + 2*s - 646, -2584 = -4*y - 2*s. What is the hundreds digit of y?
6
Let n(w) = 5*w - 4. Let y(u) = -u + 1. Let x(h) = -n(h) - 4*y(h). Let k be x(-5). Suppose 7 = k*q + f - 27, -q + 18 = 3*f. What is the units digit of q?
6
Let g be (-35)/(-5) + 1 + -2 + -1. Suppose -g*m + 122 = 3*f, -f + 66 = -3*m + 2. What is the units digit of f?
9
Let v(w) = 3*w**3 - 2*w**2 + w - 2. Suppose 2*l = -l + 4*d + 19, 0 = 2*d + 2. Suppose -6 = -l*u + 4. What is the tens digit of v(u)?
1
Let z(f) = 12*f + 2. Suppose 0*n - 3 = -n. Let g be z(n). Suppose h - 5*c + 7 = -0*h, 4*h + 2*c - g = 0. What is the units digit of h?
8
Let o(j) = 17*j**3 - 5*j**2 + 8*j - 10. What is the tens digit of o(3)?
2
Suppose x - 10 = -x. What is the units digit of x/(15/(-6))*32/(-2)?
2
Suppose -2 = 2*q + 12. Let z = q - -6. What is the units digit of z/(-5) - 144/(-30)?
5
Let l(j) = 5*j**2 + 21*j + 10. Let d be l(10). Suppose 4*i = -4*i + d. What is the units digit of i?
0
Suppose -m + 7 = 3*n, -3*m = -4*n - 8*m + 13. Suppose 0 = n*q - 5*h - 135 - 4, 0 = 5*h - 5. Let y = q + -33. What is the tens digit of y?
3
Suppose 0 = 3*q - 5*s - 29, -4*q - 5*s + 28 = -s. What is the tens digit of 4/q - 43/(-2)?
2
Let y be (-42)/4 + 7/(-14). Let k(p) = p + 13. Let g be k(y). Suppose -g*j = -7*j + 5. What is the units digit of j?
1
Let f(i) = 114*i**2 + 23*i + 40. What is the hundreds digit of f(-2)?
4
Let u(m) be the first derivative of 2*m**2 + 6*m + 12. What is the units digit of u(5)?
6
Suppose -3*q = 5*l - 1634, -3*l - 1101 = -2*q - 4*l. What is the units digit of q?
3
Let o(v) = 24*v + 83. What is the hundreds digit of o(5)?
2
Let r(f) be the second derivative of f**5/20 + 11*f**4/12 + 11*f**3/6 - 11*f**2 + 6*f. Let s be r(-9). Suppose -2*j - s = -97. What is the tens digit of j?
2
Let r(s) = s**2 + s - 3. Let i be r(-3). Suppose 3*g = 5*y - 80, y - 5 = -i*g + 29. Suppose 0 = 4*t - 3*t - y. What is the units digit of t?
9
Let p(h) = -h**3 + 8*h**2 - 3*h + 8. Suppose d + d - 12 = 0. What is the units digit of p(d)?
2
Let l(w) = 11*w**2 - 43*w + 438. What is the units digit of l(13)?
8
Suppose 178 = 16*m - 830. What is the units digit of m?
3
Let v be 4/(-9)*(-9)/2. Suppose u = v*g + 11, u = 5*g - 0*u + 23. What is the units digit of g/2 + (-66)/(-2)?
1
Suppose -6*g + 286 = -170. What is the tens digit of g?
7
Let f(g) = -g**3 - 7*g**2 - g + 17. Let o be f(-8). Let l = o - 51. What is the tens digit of l?
3
Let b be 35*(17 - (5 + -1)). Suppose -4*i - 763 = -5*y, -y = 2*y - i - b. What is the hundreds digit of y?
1
Let u(h) = 8*h**2 - h - 1. Let l be u(-1). Suppose -552 = -0*m - l*m. What is the tens digit of m?
6
Suppose 0 = j - 335 - 468. What is the units digit of j?
3
Let k(w) = 5*w**3 - 13*w**2 + 17*w - 28. What is the hundreds digit of k(7)?
1
Let t = 1204 + 402. What is the units digit of t?
6
Let k = -687 - -1308. What is the hundreds digit of k?
6
Suppose w = -3*g - 3 + 11, 2*w - 2*g = 48. Let r(a) = a**2 - 10*a. What is the units digit of r(w)?
0
Let a(s) = -15*s**3 - 2*s**2 + 2*s. Let w be a(-2). Let r = 187 - w. Let b = 141 - r. What is the tens digit of b?
6
Let z(f) = f**3 + 21*f**2 + 24*f - 26. Let m(h) = 6*h**3 + 106*h**2 + 121*h - 130. Let k(x) = -2*m(x) + 11*z(x). What is the units digit of k(20)?
4
Let x = 13 + -10. Let m be -5*(-6)/45*x. Suppose 6*l - m*l - 40 = 0. What is the units digit of l?
0
Suppose -v = 11*v - 3*v. Let k(t) = 12*t + 21. What is the units digit of k(v)?
1
What is the units digit of (4 + -113)*(-2 - 1)?
7
Suppose 2*o + 5731 = 4*o - 5*z, 0 = o + 2*z - 2843. What is the hundreds digit of o?
8
Let p(l) = l**2 - 12*l + 18. Let s be p(10). What is the tens digit of 28 + s + 2 + 4?
3
Let m be (-4)/12 + 50/6. Let j = m + 39. What is the units digit of j?
7
Let g = -67 + -58. Let v = -54 - g. What is the units digit of v?
1
Suppose 3*m = k - 4*k - 12, m - 5*k + 4 = 0. What is the units digit of (-1 - m/8)*-28?
4
Let a = -32 + 36. What is the tens digit of 1/a + 6380/80?
8
Let y(j) be the first derivative of 5*j**4/2 + 4*j**3/3 + j - 50. What is the hundreds digit of y(3)?
3
Let k(o) = -2*o - 27. Let f be k(-21). Let v = 105 + f. What is the tens digit of v?
2
What is the units digit of (-8 + 324/45)/(2/(-1045))?
8
Let w be (-4238)/(-8) - (-7)/28. Suppose -3*t - 189 = -4*i + 2*i, 5*i + 4*t = w. What is the tens digit of i?
0
Suppose 0 = l - 1 - 1. Suppose 5*o - 100 = -5*s, -l*o = -o. Let z = s - 3. What is the units digit of z?
7
What is the units digit of -12 - (-555)/45 - 4438/(-6)?
0
Let g(d) = 5*d**3 + 4*d**2 + 2*d. Let o be g(-3). Let y = o + 190. What is the units digit of y?
5
Let f(t) = 2*t**2 - 22*t + 3. What is the units digit of f(-8)?
7
Suppose -4*g = i - 9, 0 = -4*i + 7 - 19. Suppose -3*a = -g - 3. Suppose -a - 153 = -5*h. What is the units digit of h?
1
What is the tens digit of (-14 - -15)/((-2422)/808 + 3)?
0
Suppose -5*s - 2*x = -1913, 4*x - 966 = -4*s + 574. What is the hundreds di